{"id":27,"date":"2014-11-02T11:15:32","date_gmt":"2014-11-02T09:15:32","guid":{"rendered":"https:\/\/ehdokkaat.vihreat.fi\/minna.haavisto\/?page_id=27"},"modified":"2015-01-03T13:56:46","modified_gmt":"2015-01-03T11:56:46","slug":"tavoitteet","status":"publish","type":"page","link":"https:\/\/ehdokkaat.vihreat.fi\/minna.haavisto\/tavoitteet\/","title":{"rendered":"Tavoitteet"},"content":{"rendered":"<p>Toimintaani ohjaavia ajatuksia:<\/p>\n<ul>\n<li>Kansalaisten terveys ei saa olla poliittinen tai taloudellinen pelinappula<\/li>\n<li>Kaikilla on oltava oikeus osallistua ty\u00f6el\u00e4m\u00e4\u00e4n<\/li>\n<li>My\u00f6s lapsenlapsillemme on turvattava elinkelpoinen elinymp\u00e4rist\u00f6<\/li>\n<li>Poliittisen p\u00e4\u00e4t\u00f6ksenteon on perustuttava tutkimustietoon ei mielikuvamarkkinointiin<\/li>\n<\/ul>\n<p>&nbsp;<\/p>\n<p>&nbsp;<\/p>\n<p>&nbsp;<\/p>\n<p>Vaalilupaus<\/p>\n<p>Haluan kansanedustajana\u00a0toimia linkkin\u00e4 kansalaisten ja p\u00e4\u00e4t\u00f6ksentekij\u00f6iden v\u00e4lill\u00e4. Jos minut valitaan eduskuntaan, lupaan olla kansalaisten tavattavissa s\u00e4\u00e4nn\u00f6llisesti ja yll\u00e4pit\u00e4\u00e4 aktiivisesti keskusteluyhteytt\u00e4\u00a0satakuntalaisen \u00e4\u00e4nest\u00e4jien kanssa. Lupaan keskitty\u00e4 puhtaasti\u00a0kansanedustajan teht\u00e4v\u00e4\u00e4n, enk\u00e4\u00a0hanki itselleni\u00a0muita luottamustoimia, ellei kansanedustajan ty\u00f6n toteuttaminen\u00a0sit\u00e4 nimenomaisesti vaadi.<\/p>\n<p>Yksitt\u00e4isen kansanedustajan vaikutusmahdollisuudet eduskunnassa\u00a0ovat rajalliset, joten esim. satojen tuhansien uusien ty\u00f6paikkojen lupaaminen\u00a0on l\u00e4hinn\u00e4 \u00e4\u00e4nest\u00e4j\u00e4n harhaanjohtamista. Voin toki luvata tehd\u00e4 parhaani ty\u00f6el\u00e4m\u00e4\u00e4n p\u00e4\u00e4syn helpottamiseksi. Parhaiten voin kuitenkin vaikuttaa siihen kuuntelenko kansanedustajana vain asiantuntijoita ja lobbareita, vai kuuntelenko my\u00f6s kansalaisia.<\/p>\n","protected":false},"excerpt":{"rendered":"<p>Toimintaani ohjaavia ajatuksia: Kansalaisten terveys ei saa olla poliittinen tai taloudellinen pelinappula Kaikilla on oltava oikeus osallistua ty\u00f6el\u00e4m\u00e4\u00e4n My\u00f6s lapsenlapsillemme on turvattava elinkelpoinen elinymp\u00e4rist\u00f6 Poliittisen p\u00e4\u00e4t\u00f6ksenteon on perustuttava tutkimustietoon ei mielikuvamarkkinointiin &nbsp; &nbsp; &nbsp; Vaalilupaus Haluan kansanedustajana\u00a0toimia linkkin\u00e4 kansalaisten ja p\u00e4\u00e4t\u00f6ksentekij\u00f6iden v\u00e4lill\u00e4. Jos minut valitaan eduskuntaan, lupaan olla kansalaisten tavattavissa s\u00e4\u00e4nn\u00f6llisesti ja yll\u00e4pit\u00e4\u00e4 aktiivisesti keskusteluyhteytt\u00e4\u00a0satakuntalaisen [&hellip;]<\/p>\n","protected":false},"author":535,"featured_media":0,"parent":0,"menu_order":0,"comment_status":"closed","ping_status":"closed","template":"","meta":{"_et_pb_use_builder":"","_et_pb_old_content":"","_et_gb_content_width":"","footnotes":""},"class_list":["post-27","page","type-page","status-publish","hentry"],"_links":{"self":[{"href":"https:\/\/ehdokkaat.vihreat.fi\/minna.haavisto\/wp-json\/wp\/v2\/pages\/27","targetHints":{"allow":["GET"]}}],"collection":[{"href":"https:\/\/ehdokkaat.vihreat.fi\/minna.haavisto\/wp-json\/wp\/v2\/pages"}],"about":[{"href":"https:\/\/ehdokkaat.vihreat.fi\/minna.haavisto\/wp-json\/wp\/v2\/types\/page"}],"author":[{"embeddable":true,"href":"https:\/\/ehdokkaat.vihreat.fi\/minna.haavisto\/wp-json\/wp\/v2\/users\/535"}],"replies":[{"embeddable":true,"href":"https:\/\/ehdokkaat.vihreat.fi\/minna.haavisto\/wp-json\/wp\/v2\/comments?post=27"}],"version-history":[{"count":6,"href":"https:\/\/ehdokkaat.vihreat.fi\/minna.haavisto\/wp-json\/wp\/v2\/pages\/27\/revisions"}],"predecessor-version":[{"id":66,"href":"https:\/\/ehdokkaat.vihreat.fi\/minna.haavisto\/wp-json\/wp\/v2\/pages\/27\/revisions\/66"}],"wp:attachment":[{"href":"https:\/\/ehdokkaat.vihreat.fi\/minna.haavisto\/wp-json\/wp\/v2\/media?parent=27"}],"curies":[{"name":"wp","href":"https:\/\/api.w.org\/{rel}","templated":true}]}}